{"id":378,"date":"2025-02-18T16:54:25","date_gmt":"2025-02-18T15:54:25","guid":{"rendered":"https:\/\/soundanders.at\/wp01\/?page_id=378"},"modified":"2026-03-18T11:35:37","modified_gmt":"2026-03-18T10:35:37","slug":"elementor-seite-378","status":"publish","type":"page","link":"https:\/\/soundanders.at\/wp01\/elementor-seite-378\/","title":{"rendered":"Unterst\u00fctzen"},"content":{"rendered":"\t\t<div data-elementor-type=\"wp-page\" data-elementor-id=\"378\" class=\"elementor elementor-378\">\n\t\t\t\t<div class=\"elementor-element elementor-element-87cd9f8 e-flex e-con-boxed e-con e-parent\" data-id=\"87cd9f8\" data-element_type=\"container\">\n\t\t\t\t\t<div class=\"e-con-inner\">\n\t\t\t\t<div class=\"elementor-element elementor-element-36d48d3 elementor-widget elementor-widget-html\" data-id=\"36d48d3\" data-element_type=\"widget\" data-widget_type=\"html.default\">\n\t\t\t\t<div class=\"elementor-widget-container\">\n\t\t\t\t\t<!DOCTYPE html>\n<html lang=\"de\">\n<head>\n    <meta charset=\"UTF-8\">\n    <meta name=\"viewport\" content=\"width=device-width, initial-scale=1.0\">\n    <title>Unterst\u00fctzung<\/title>\n    <style>\n        body {\n            font-family: 'Roboto', sans-serif;\n            background-color: #f4f4f4;\n            color: #222;\n            margin: 0;\n            padding: 0;\n        }\n        .container {\n            max-width: 900px;\n            margin: 50px auto;\n            background: #fff;\n            padding: 30px;\n            border-radius: 10px;\n            box-shadow: 0px 4px 15px rgba(0, 0, 0, 0.1);\n        }\n        h2 {\n            color: #7bdcb5;\n            font-size: 26px;\n            font-weight: 700;\n            margin-bottom: 10px;\n            border-left: 5px solid #7bdcb5;\n            padding-left: 10px;\n        }\n        p {\n            line-height: 1.8;\n            font-size: 18px;\n            color: #333;\n        }\n        .bank-details {\n            background: #f9f9f9;\n            padding: 15px;\n            border-left: 5px solid #7bdcb5;\n            margin: 20px 0;\n        }\n        .bank-details p {\n            margin: 5px 0;\n            font-size: 18px;\n        }\n        .info-note {\n            margin-top: 20px;\n        }\n        .info-note h3 {\n            font-size: 20px;\n            color: #7bdcb5;\n            font-weight: 700;\n            margin-bottom: 10px;\n        }\n        .info-note p {\n            font-size: 18px;\n            color: #333;\n        }\n        @media (max-width: 768px) {\n            .container {\n                padding: 20px;\n            }\n            h2 {\n                font-size: 22px;\n            }\n            p {\n                font-size: 16px;\n            }\n            .bank-details p {\n                font-size: 16px;\n            }\n            .info-note h3 {\n                font-size: 18px;\n            }\n            .info-note p {\n                font-size: 16px;\n            }\n        }\n    <\/style>\n<\/head>\n<body>\n    <div class=\"container\">\n        <h2>Unterst\u00fctzung<\/h2>\n        <p>Ihre Unterst\u00fctzung hilft jungen Erwachsenen und deren Angeh\u00f6rigen. Sie erm\u00f6glicht es uns als Verein, die \u00d6ffentlichkeit f\u00fcr das Thema zu sensibilisieren und gemeinsam mit \u00c4mtern, Tr\u00e4gern und der Wirtschaft neue M\u00f6glichkeiten der Inklusion zu schaffen.<\/p>\n        \n        <h2>Spenden<\/h2>\n        <div class=\"bank-details\">\n            <p><strong>Bankverbindung:<\/strong><\/p>\n            <p>Raiffeisenbank Lochen am See<\/p>\n            <p><strong>IBAN:<\/strong> AT81 3429 0000 0624 2705<\/p>\n        <\/div>\n\n        <div class=\"info-note\">\n            <h3>Zur Information<\/h3>\n            <p>Bitte beachten Sie, dass Spenden an unseren Verein aktuell leider nicht absetzbar sind. Wir arbeiten daran, einen entsprechenden Status zu erlangen, um zuk\u00fcnftig eine Spendenbeg\u00fcnstigung zu erlangen.<\/p>\n        <\/div>\n        \n        <h2>Mitgliedschaft<\/h2>\n        <p>Werden Sie Mitglied und unterst\u00fctzen Sie unsere Arbeit langfristig. Gemeinsam k\u00f6nnen wir mehr bewegen.<\/p>\n    <\/div>\n<\/body>\n<\/html>\t\t\t\t<\/div>\n\t\t\t\t<\/div>\n\t\t\t\t<div class=\"elementor-element elementor-element-b9f8ad2 elementor-align-center e-transform elementor-widget elementor-widget-button\" data-id=\"b9f8ad2\" data-element_type=\"widget\" data-settings=\"{&quot;_transform_scale_effect&quot;:{&quot;unit&quot;:&quot;px&quot;,&quot;size&quot;:1.7,&quot;sizes&quot;:[]},&quot;_transform_scale_effect_tablet&quot;:{&quot;unit&quot;:&quot;px&quot;,&quot;size&quot;:&quot;&quot;,&quot;sizes&quot;:[]},&quot;_transform_scale_effect_mobile&quot;:{&quot;unit&quot;:&quot;px&quot;,&quot;size&quot;:&quot;&quot;,&quot;sizes&quot;:[]}}\" data-widget_type=\"button.default\">\n\t\t\t\t<div class=\"elementor-widget-container\">\n\t\t\t\t\t\t\t\t\t<div class=\"elementor-button-wrapper\">\n\t\t\t\t\t<a class=\"elementor-button elementor-button-link elementor-size-sm elementor-animation-grow\" href=\"https:\/\/soundanders.at\/wp01\/wp-content\/uploads\/2025\/01\/Mitgliedsantrag.pdf\">\n\t\t\t\t\t\t<span class=\"elementor-button-content-wrapper\">\n\t\t\t\t\t\t\t\t\t<span class=\"elementor-button-text\">Jetzt Mitglied werden!<\/span>\n\t\t\t\t\t<\/span>\n\t\t\t\t\t<\/a>\n\t\t\t\t<\/div>\n\t\t\t\t\t\t\t\t<\/div>\n\t\t\t\t<\/div>\n\t\t\t\t\t<\/div>\n\t\t\t\t<\/div>\n\t\t\t\t<\/div>\n\t\t","protected":false},"excerpt":{"rendered":"<p>Unterst\u00fctzung Unterst\u00fctzung Ihre Unterst\u00fctzung hilft jungen Erwachsenen und deren Angeh\u00f6rigen. Sie erm\u00f6glicht es uns als Verein, die \u00d6ffentlichkeit f\u00fcr das Thema zu sensibilisieren und gemeinsam mit \u00c4mtern, Tr\u00e4gern und der Wirtschaft neue M\u00f6glichkeiten der Inklusion zu schaffen. Spenden Bankverbindung: Raiffeisenbank Lochen am See IBAN: AT81 3429 0000 0624 2705 Zur Information Bitte beachten Sie, dass &hellip; <\/p>\n<p class=\"link-more\"><a href=\"https:\/\/soundanders.at\/wp01\/elementor-seite-378\/\" class=\"more-link\">Mehr <span class=\"screen-reader-text\">\u00fcber &#8222;Unterst\u00fctzen&#8220; <\/span>Lesen<\/a><\/p>\n","protected":false},"author":1,"featured_media":503,"parent":0,"menu_order":0,"comment_status":"closed","ping_status":"closed","template":"","meta":{"footnotes":""},"class_list":["post-378","page","type-page","status-publish","has-post-thumbnail","hentry"],"_links":{"self":[{"href":"https:\/\/soundanders.at\/wp01\/wp-json\/wp\/v2\/pages\/378","targetHints":{"allow":["GET"]}}],"collection":[{"href":"https:\/\/soundanders.at\/wp01\/wp-json\/wp\/v2\/pages"}],"about":[{"href":"https:\/\/soundanders.at\/wp01\/wp-json\/wp\/v2\/types\/page"}],"author":[{"embeddable":true,"href":"https:\/\/soundanders.at\/wp01\/wp-json\/wp\/v2\/users\/1"}],"replies":[{"embeddable":true,"href":"https:\/\/soundanders.at\/wp01\/wp-json\/wp\/v2\/comments?post=378"}],"version-history":[{"count":27,"href":"https:\/\/soundanders.at\/wp01\/wp-json\/wp\/v2\/pages\/378\/revisions"}],"predecessor-version":[{"id":813,"href":"https:\/\/soundanders.at\/wp01\/wp-json\/wp\/v2\/pages\/378\/revisions\/813"}],"wp:featuredmedia":[{"embeddable":true,"href":"https:\/\/soundanders.at\/wp01\/wp-json\/wp\/v2\/media\/503"}],"wp:attachment":[{"href":"https:\/\/soundanders.at\/wp01\/wp-json\/wp\/v2\/media?parent=378"}],"curies":[{"name":"wp","href":"https:\/\/api.w.org\/{rel}","templated":true}]}}